156
-3c4 (base 13) to base 4
-22123
Convert 1165 (base 7) to base 8.
667
-65500 (base 8) to base 11
-196a0
-1142 (base 14) to base 6
-21514
5110 (base 6) to base 7
3162
-37683 (base 9) to base 12
-12803
Convert -35445 (base 7) to base 2.
-10001110111011
Convert 20313 (base 8) to base 13.
3a8a
Convert -42a (base 15) to base 16.
-3ac
What is -71471 (base 9) in base 12?
-23284
1643 (base 8) to base 12
657
What is -1122 (base 13) in base 14?
-c30
-5080 (base 10) to base 9
-6864
What is 389 (base 13) in base 6?
2512
-1a2 (base 14) to base 5
-2323
Convert 21a (base 15) to base 5.
3400
Convert 33b9 (base 15) to base 13.
4cc2
-2103320 (base 4) to base 13
-4400
14057 (base 14) to base 15
e9ce
Convert 10110220 (base 3) to base 8.
4747
What is 9b9 (base 16) in base 14?
c9b
-10000001110 (base 2) to base 8
-2016
What is -32b00 (base 12) in base 11?
-46585
5093 (base 12) to base 10
8751
15455 (base 6) to base 9
3448
Convert -1100110100 (base 2) to base 8.
-1464
Convert 124423 (base 5) to base 11.
3825
What is 21517 (base 10) in base 15?
6597
What is -10ab (base 14) in base 2?
-101101001111
-43224 (base 8) to base 7
-103451
21441 (base 6) to base 11
2267
333 (base 8) to base 9
263
Convert 4575 (base 14) to base 15.
388e
What is -33617 (base 13) in base 16?
-16c7c
What is -4440 (base 9) in base 13?
-1650
Convert -63732 (base 8) to base 10.
-26586
What is 2c91 (base 14) in base 5?
223332
10100101000011 (base 2) to base 9
15436
Convert 11135 (base 6) to base 11.
11a9
43024 (base 9) to base 7
145645
-2000010 (base 4) to base 2
-10000000000100
What is 1b4b3 (base 12) in base 16?
9e07
What is -4652 (base 11) in base 15?
-1c22
-202002 (base 3) to base 13
-329
-1113 (base 15) to base 5
-103433
-a18 (base 16) to base 7
-10351
-10a9c (base 13) to base 12
-156b8
Convert 218b (base 13) to base 9.
6367
Convert 10102000 (base 4) to base 11.
121a2
1da5 (base 15) to base 8
14467
Convert 47241 (base 8) to base 16.
4ea1
What is -1703 (base 8) in base 10?
-963
504140 (base 6) to base 2
1001101101111100
-303022 (base 4) to base 15
-e84
745 (base 9) to base 7
1526
Convert -1014503 (base 6) to base 9.
-74183
Convert 286 (base 9) to base 11.
1a9
What is 320210 (base 4) in base 11?
27a1
What is 16365 (base 7) in base 6?
33313
Convert 2030 (base 14) to base 11.
4178
11305 (base 6) to base 12
b35
Convert -74d (base 15) to base 5.
-23043
Convert -1215 (base 9) to base 8.
-1611
What is -1024 (base 16) in base 12?
-2484
112220 (base 4) to base 16
5a8
What is 590 (base 14) in base 3?
1111222
What is -1302313 (base 4) in base 9?
-11067
1 (base 15) to base 5
1
Convert 2372 (base 8) to base 10.
1274
10415 (base 7) to base 4
220301
-1159 (base 10) to base 13
-6b2
What is 3ac (base 13) in base 7?
1615
-1241 (base 5) to base 2
-11000100
-1b20 (base 13) to base 8
-7762
-12012212 (base 3) to base 14
-1559
-13020 (base 4) to base 14
-248
Convert -2538 (base 12) to base 6.
-31312
-6773 (base 8) to base 6
-24323
Convert 116831 (base 9) to base 13.
26215
What is -2002110211 (base 3) in base 7?
-231013
What is -1687 (base 9) in base 16?
-50e
What is 203a (base 16) in base 5?
231000
-9b84 (base 13) to base 4
-11103230
Convert -677 (base 12) to base 6.
-4231
What is -25a (base 11) in base 16?
-133
What is -3375 (base 9) in base 8?
-4702
What is 20b3 (base 12) in base 4?
320013
Convert -ff6 (base 16) to base 11.
-3085
432 (base 10) to base 11
363
104 (base 13) to base 16
ad
Convert 11130 (base 14) to base 5.
2311043
-5841 (base 10) to base 2
-1011011010001
What is 7439 (base 13) in base 15?
4b88
-10 (base 11) to base 16
-b
Convert -2903 (base 10) to base 15.
-cd8
What is 48823 (base 9) in base 3?
1122220210
Convert -7f3 (base 16) to base 15.
-90a
Convert 233414 (base 6) to base 16.
4f12
Convert -385 (base 12) to base 6.
-2245
What is 9bb (base 12) in base 13?
869
What is 2742 (base 14) in base 13?
31c2
Convert 215 (base 16) to base 9.
652
Convert dd (base 14) to base 13.
120
What is -3338 (base 11) in base 13?
-2003
6 (base 13) to base 16
6
Convert 9434 (base 11) to base 9.
18128
6a2 (base 11) to base 12
59a
-200100011 (base 3) to base 2
-11010000111001
-68f5 (base 16) to base 8
-64365
Convert 111011100000111 (base 2) to base 16.
7707
Convert -42510 (base 6) to base 12.
-3436
What is -8cb (base 13) in base 5?
-22034
What is -306 (base 8) in base 16?
-c6
Convert 111001111101000 (base 2) to base 7.
152336
Convert 245 (base 7) to base 2.
10000011
Convert d12 (base 16) to base 2.
110100010010
ac4 (base 16) to base 7
11015
What is 33013 (base 4) in base 14?
4d1
-10010100010101 (base 2) to base 7
-36451
Convert -14354 (base 10) to base 4.
-3200102
Convert 8b4 (base 12) to base 5.
20123
Convert 104344 (base 6) to base 16.
2248
Convert 220112 (base 3) to base 2.
1010010110
What is -2680 (base 11) in base 6?
-24032
215051 (base 6) to base 12
a487
Convert -1000211022 (base 3) to base 14.
-756d
What is -4002 (base 15) in base 16?
-34be
Convert -16330 (base 8) to base 4.
-1303120
What is -998 (base 14) in base 13?
-b30
What is -102 (base 16) in base 3?
-100120
Convert 10100001011111 (base 2) to base 7.
42063
What is 3004 (base 6) in base 12?
464
What is 101220010 (base 3) in base 11?
5a6a
What is 16 (base 8) in base 7?
20
Convert -10165 (base 7) to base 3.
-10102111
What is -687 (base 9) in base 3?
-202221
What is -52224 (base 6) in base 4?
-1231120
What is -a18 (base 12) in base 3?
-2000002
Convert -120101101 (base 3) to base 8.
-25717
-4101 (base 6) to base 16
-385
11200 (base 4) to base 14
1b2
59454 (base 10) to base 8
164076
Convert -200012 (base 3) to base 4.
-13223
-330 (base 8) to base 10
-216
What is -6bf (base 16) in base 2?
-11010111111
What is 7830 (base 12) in base 15?
3e09
What is 2490 (base 13) in base 4?
1101003
What is 14468 (base 10) in base 14?
53b6
What is -10 (base 9) in base 8?
-11
231121 (base 5) to base 11
6253
Convert -2704 (base 8) to base 15.
-686
1000022 (base 5) to base 16
3d15
Convert -147 (base 15) to base 12.
-204
Convert 3212 (base 6) to base 10.
728
173 (base 13) to base 16
107
What is 3613 (base 8) in base 15?
88b
-2013011 (base 4) to base 5
-234040
What is 67420 (base 8) in base 3?
1110000001
Convert -7621 (base 8) to base 2.
-111110010001
What is -5946 (base 12) in base 15?
-2e60
118a2 (base 12) to base 8
56272
2176 (base 11) to base 12
17aa
Convert 611 (base 8) to base 15.
1b3
Convert 1ac (base 13) to base 3.
102112
What is -1777 (base 10) in base 7?
-5116
Convert 8a (base 12) to base 5.
411
-4b1 (base 14) to base 3
-1021210
2a13 (base 11) to base 5
111021
-13250 (base 6) to base 2
-11111111110
Convert -1375 (base 9) to base 14.
-544
What is -1112122111 (base 3) in base 2?
-111011010011001
Convert -7112 (base 13) to base 8.
-36313
ec6 (base 15) to base 12
1b20
1554 (base 11) to base 14
a27
-1129 (base 12) to base 16
-771
What is -ae04 (base 15) in base 2?
-1001000000101000
-43866 (base 10) to base 5
-2400431
Convert 8ab6 (base 15) to base 2.
111001011101101
Convert -1aea (base 16) to base 2.
-1101011101010
What is 21c (base 14) in base 8?
642
What is -110111101100 (base 2) in base 3?
-11220000
Convert 4629 (base 10) to base 15.
1589
Convert -2b278 (base 13) to base 6.
-1430210
1430 (base 14) to base 16
df2
512 (base 10) to base 14
288
Convert 30ba (base 15) to base 12.
5b64
What is 221202222 (base 3) in base 14?
6bc3
6008 (base 10) to base 4
1131320
What is 10010100100 (base 2) in base 12?
830
-1806 (base 13) to base 8
-6743
Convert 4017 (base 12) to base 10.
6931
What is 3502 (base 6) in base 14?
434
Convert 32310213 (base 4) to base 5.
3420321
What is -91b (base 12) in base 16?
-527
495 (base 10) to base 9
610
What is -421514 (base 6) in base 16?
-8536
What is 165310 (base 8) in base 12?
2a948
-3666 (base 7) to base 3
-1212210
Convert c9dc (base 16) to base 9.
77787
16a61 (base 11) to base 9
35710
-371 (base 11) to base 2
-110111001
Convert -44 (base 14) to base 6.
-140
What is -4a7 (base 15) in base 5?
-13212
What is -208 (base 14) in base 8?
-620
Convert 328 (base 12) to base 8.
720
ba9 (base 12) to base 16
6b1
What is -1552 (base 6) in base 15?
-1d8
-3417 (base 13) to base 4
-1301313
Convert 3200032 (base 4) to base 6.
150234
1000330 (base 4) to base 5
113111
14486 (base 15) to base 16
fe7f
-68674 (base 9) to base 3
-2022202111
Convert -100142 (base 5) to base 12.
-1a0